{"id":17,"date":"2018-03-25T15:50:05","date_gmt":"2018-03-25T12:50:05","guid":{"rendered":"https:\/\/newportkeilalahti.wordpress.com\/?page_id=17"},"modified":"2018-03-25T15:50:05","modified_gmt":"2018-03-25T12:50:05","slug":"kotisivu","status":"publish","type":"page","link":"https:\/\/www.newportkeilalahti.fi\/","title":{"rendered":"Kotisivu"},"content":{"rendered":"<h1 style=\"text-align:center;\"><strong>Newport Keilalahti<\/strong><\/h1>\n<p>New Port Yacht Club Keilalahti ry on perustettu 9.5.2017 edist\u00e4m\u00e4\u00e4n veneilyn turvallisuutta ja veneilykulttuuria satamassamme.<\/p>\n<p>Newport Keilalahti sijaitsee loistavalla paikalla L\u00e4nsiv\u00e4yl\u00e4n varrella Espoon ja Helsingin rajalla. Keilalahden metroasema on vain reilun 300 metrin p\u00e4\u00e4ss\u00e4 ja sataman l\u00e4hell\u00e4 on my\u00f6s hyv\u00e4t pys\u00e4k\u00f6intimahdollisuudet omalla autolla liikkuville. Sataman l\u00e4hell\u00e4 toimii my\u00f6s suomen suurin vesiurheilu ja ravintolalaituri <a href=\"http:\/\/laguuniin.fi\/\" target=\"_blank\" rel=\"noopener\">Laguuni<\/a>, jossa voit harrastaa mm. wakeboardingia, melontaa ja flyboardingia sek\u00e4 nauttia ravintola <a href=\"http:\/\/laguuniin.fi\/ravintola\/\" target=\"_blank\" rel=\"noopener\">Bl\u00e4g\u00e4n<\/a> tarjoiluista.<\/p>\n<p>&nbsp;<\/p>\n","protected":false},"excerpt":{"rendered":"<p>Newport Keilalahti New Port Yacht Club Keilalahti ry on perustettu 9.5.2017 edist\u00e4m\u00e4\u00e4n veneilyn turvallisuutta ja veneilykulttuuria satamassamme. Newport Keilalahti sijaitsee loistavalla paikalla L\u00e4nsiv\u00e4yl\u00e4n varrella Espoon ja Helsingin rajalla. Keilalahden metroasema on vain reilun 300 metrin p\u00e4\u00e4ss\u00e4 ja sataman l\u00e4hell\u00e4 on my\u00f6s hyv\u00e4t pys\u00e4k\u00f6intimahdollisuudet omalla autolla liikkuville. Sataman l\u00e4hell\u00e4 toimii my\u00f6s suomen suurin vesiurheilu ja ravintolalaituri &hellip; <a href=\"https:\/\/www.newportkeilalahti.fi\/\" class=\"more-link\">Continue reading <span class=\"screen-reader-text\">Kotisivu<\/span> <span class=\"meta-nav\">&rarr;<\/span><\/a><\/p>\n","protected":false},"author":2,"featured_media":43,"parent":0,"menu_order":0,"comment_status":"closed","ping_status":"closed","template":"","meta":{"spay_email":""},"jetpack_sharing_enabled":false,"jetpack_shortlink":"https:\/\/wp.me\/P9Oipr-h","jetpack-related-posts":[{"id":54,"url":"https:\/\/www.newportkeilalahti.fi\/?page_id=54","url_meta":{"origin":17,"position":0},"title":"Palvelumme veneseuran j\u00e4senille","date":"maaliskuu 25, 2018","format":false,"excerpt":"Katsastukset J\u00e4rjest\u00e4mme kaksi kertaa vuodessa yhteiskatsastusp\u00e4iv\u00e4t. Mahdollisesti koronan takia katsastuksen toteutetaan videon avustuksella tartuntojen v\u00e4ltt\u00e4miseksi SPV:n ohjeiden mukaan, Veneturvallisuusp\u00e4iv\u00e4 Veneturvallisuusp\u00e4iv\u00e4n\u00e4 k\u00e4yd\u00e4\u00e4n l\u00e4pi veneilyyn ja kalustoon liittyvi\u00e4 turvallisuusasioita, sek\u00e4 j\u00e4rjestet\u00e4\u00e4n samassa yhteydess\u00e4 sammuttimien yhteishuolto. Koronan takia tilannetta seurataan koska voidaan seuraava pit\u00e4\u00e4. Sauna Yhdistyksell\u00e4mme on puusauna, jota vuokrataan yhdistyksemme j\u00e4senille sek\u00e4\u2026","rel":"","context":"Samankaltainen artikkeli","img":{"alt_text":"","src":"https:\/\/i1.wp.com\/www.newportkeilalahti.fi\/wp-content\/uploads\/2018\/03\/pexels-photo-271681.jpeg?fit=1200%2C798&ssl=1&resize=350%2C200","width":350,"height":200},"classes":[]},{"id":114,"url":"https:\/\/www.newportkeilalahti.fi\/?page_id=114","url_meta":{"origin":17,"position":1},"title":"Venepaikat","date":"maaliskuu 27, 2018","format":false,"excerpt":"Satamapalveluista ja venepaikoista vastaa Keilalahti Marina Oy. Linkin takaa l\u00f6yd\u00e4t Keilalahden venesataman paikkakartan ja ajantasaisen hinnaston. Satamapalveluihin kuuluvat mm. s\u00e4hk\u00f6, vesi, WC, j\u00e4tehuolto, imutyhjennys, pys\u00e4k\u00f6inti ja vartiointi. Satamassa on mahdollisuus alla olevan taulukon kokoisiin venepaikkoihin. Alla olevasta linkist\u00e4 p\u00e4\u00e4set klikkaamalla Keilalahti Marina Oy:n sivuille. https:\/\/keilalahtimarina.fi\/","rel":"","context":"Samankaltainen artikkeli","img":{"alt_text":"","src":"https:\/\/i0.wp.com\/www.newportkeilalahti.fi\/wp-content\/uploads\/2018\/04\/venepaikkavuokraus_new_port_keilalahti-1100x430.jpg?fit=1100%2C430&ssl=1&resize=350%2C200","width":350,"height":200},"classes":[]},{"id":107,"url":"https:\/\/www.newportkeilalahti.fi\/?page_id=107","url_meta":{"origin":17,"position":2},"title":"Katsastukset","date":"maaliskuu 27, 2018","format":false,"excerpt":"Yhdistys j\u00e4rjest\u00e4\u00e4 veneiden katsastuksia kaksi kertaa vuodessa. Vuosikatsastus tehd\u00e4\u00e4n joka vuosi veneen ollessa purjehdusvalmiina, jolloin tarkastetaan turvallisuuteen vaikuttavat varusteet ja laitteet sek\u00e4 mahdolliset seuran ja liiton painopistealueiksi m\u00e4\u00e4r\u00e4\u00e4m\u00e4t kohdat. Katsastusm\u00e4\u00e4r\u00e4yksiin ja vaatimuksiin voit perehty\u00e4 SPV:n sivuilla. Valmistautuessasi veneen katsastukseen voit perehty\u00e4 vaatimuksiin t\u00e4\u00e4ll\u00e4. Seura pyrkii katsastamaan veneet huhti-toukokuun aikana. Sataman\u2026","rel":"","context":"Samankaltainen artikkeli","img":{"alt_text":"","src":"https:\/\/i0.wp.com\/www.newportkeilalahti.fi\/wp-content\/uploads\/2018\/04\/katsastus_todistus.jpg?fit=500%2C375&ssl=1&resize=350%2C200","width":350,"height":200},"classes":[]},{"id":110,"url":"https:\/\/www.newportkeilalahti.fi\/?page_id=110","url_meta":{"origin":17,"position":3},"title":"Sauna","date":"maaliskuu 27, 2018","format":false,"excerpt":"Yhdistyksell\u00e4 on oma puul\u00e4mmitteinen sauna sataman yhteydess\u00e4, jota j\u00e4senet voivat vuokrata k\u00e4ytt\u00f6\u00f6ns\u00e4. Vuokraaja huolehtii itse saunan l\u00e4mmitt\u00e4misest\u00e4, sek\u00e4 siivoamisesta k\u00e4yt\u00f6n j\u00e4lkeen. Hinnasto ja kalenterivarausj\u00e4rjestelm\u00e4 tulossa l\u00e4hiaikoina. \u00a0","rel":"","context":"Samankaltainen artikkeli","img":{"alt_text":"","src":"https:\/\/i2.wp.com\/www.newportkeilalahti.fi\/wp-content\/uploads\/2018\/04\/kiuas.jpg?fit=1200%2C675&ssl=1&resize=350%2C200","width":350,"height":200},"classes":[]},{"id":51,"url":"https:\/\/www.newportkeilalahti.fi\/?page_id=51","url_meta":{"origin":17,"position":4},"title":"Tavoitteemme","date":"maaliskuu 25, 2018","format":false,"excerpt":"T\u00e4ll\u00e4 hetkell\u00e4 suunnitelmissamme on katsastustoiminta, veneturvallisuuden edist\u00e4minen, sek\u00e4 palveluiden kehitt\u00e4minen. Olemme mm. hankkineet saunalautan kerholaisten k\u00e4ytt\u00f6\u00f6n ja pyrimme jatkuvasti kehitt\u00e4m\u00e4\u00e4n sataman viihtyisyytt\u00e4 sek\u00e4 tarjoamaan yhteisen foorumin kaikille veneilij\u00f6ille. Toivotamme l\u00e4mpim\u00e4sti kaikki veneilij\u00e4t tervetulleiksi osallistumaan yhdistyksemme toimintaan.","rel":"","context":"Samankaltainen artikkeli","img":{"alt_text":"","src":"https:\/\/i0.wp.com\/www.newportkeilalahti.fi\/wp-content\/uploads\/2018\/03\/pexels-photo-697662.jpeg?fit=1200%2C799&ssl=1&resize=350%2C200","width":350,"height":200},"classes":[]},{"id":29,"url":"https:\/\/www.newportkeilalahti.fi\/?page_id=29","url_meta":{"origin":17,"position":5},"title":"Veneilytietoa","date":"maaliskuu 25, 2018","format":false,"excerpt":"SUULI on Suomen Purjehdus ja Veneily ry:n\u00a0j\u00e4sen- ja venerekisterij\u00e4rjestelm\u00e4.\u00a0 Suulissa hallinnoidaan j\u00e4sen- ja venerekistereit\u00e4, j\u00e4sen- ja muita maksuja sek\u00e4 veneiden katsastus- ja talvis\u00e4ilytystietoja. J\u00e4sen- ja venerekisterin tiedot ovat rajoitetusti my\u00f6s j\u00e4senten itsens\u00e4 n\u00e4ht\u00e4viss\u00e4 ja p\u00e4ivitett\u00e4viss\u00e4. J\u00e4senet voivat muokata esimerkiksi omia yhteystietojaan ja katsella itsellens\u00e4 rekister\u00f6ityjen veneiden katsastustietoja. Suulin\u00a0 sis\u00e4\u00e4nkirjautumissivu \u00a0\u2026","rel":"","context":"Samankaltainen artikkeli","img":{"alt_text":"","src":"https:\/\/i0.wp.com\/www.newportkeilalahti.fi\/wp-content\/uploads\/2018\/03\/pexels-photo-843633.jpeg?fit=1200%2C801&ssl=1&resize=350%2C200","width":350,"height":200},"classes":[]}],"_links":{"self":[{"href":"https:\/\/www.newportkeilalahti.fi\/index.php?rest_route=\/wp\/v2\/pages\/17"}],"collection":[{"href":"https:\/\/www.newportkeilalahti.fi\/index.php?rest_route=\/wp\/v2\/pages"}],"about":[{"href":"https:\/\/www.newportkeilalahti.fi\/index.php?rest_route=\/wp\/v2\/types\/page"}],"author":[{"embeddable":true,"href":"https:\/\/www.newportkeilalahti.fi\/index.php?rest_route=\/wp\/v2\/users\/2"}],"replies":[{"embeddable":true,"href":"https:\/\/www.newportkeilalahti.fi\/index.php?rest_route=%2Fwp%2Fv2%2Fcomments&post=17"}],"version-history":[{"count":1,"href":"https:\/\/www.newportkeilalahti.fi\/index.php?rest_route=\/wp\/v2\/pages\/17\/revisions"}],"predecessor-version":[{"id":286,"href":"https:\/\/www.newportkeilalahti.fi\/index.php?rest_route=\/wp\/v2\/pages\/17\/revisions\/286"}],"wp:featuredmedia":[{"embeddable":true,"href":"https:\/\/www.newportkeilalahti.fi\/index.php?rest_route=\/wp\/v2\/media\/43"}],"wp:attachment":[{"href":"https:\/\/www.newportkeilalahti.fi\/index.php?rest_route=%2Fwp%2Fv2%2Fmedia&parent=17"}],"curies":[{"name":"wp","href":"https:\/\/api.w.org\/{rel}","templated":true}]}}